the highest common divisor of 4780 and 60?
20
Calculate the greatest common divisor of 195 and 30.
15
What is the highest common divisor of 12 and 2036?
4
Calculate the highest common factor of 144 and 59688.
72
What is the greatest common divisor of 1413 and 9?
9
What is the highest common factor of 1209 and 39?
39
Calculate the highest common divisor of 7474 and 74.
74
Calculate the highest common factor of 323 and 1083.
19
Calculate the highest common divisor of 17303 and 13.
13
What is the highest common divisor of 98 and 49?
49
What is the highest common divisor of 256 and 4736?
128
Calculate the greatest common factor of 1512 and 21.
21
What is the greatest common factor of 43 and 19135?
43
What is the highest common factor of 378 and 8127?
189
What is the highest common factor of 152 and 950?
38
What is the greatest common factor of 323 and 19?
19
Calculate the greatest common factor of 12 and 248.
4
Calculate the greatest common factor of 65 and 1755.
65
What is the highest common divisor of 32252 and 44?
44
Calculate the highest common divisor of 304 and 96.
16
Calculate the highest common divisor of 11950 and 50.
50
Calculate the highest common divisor of 391 and 1921.
17
Calculate the greatest common factor of 4148 and 61.
61
Calculate the highest common factor of 329 and 47.
47
Calculate the highest common factor of 1296 and 1.
1
What is the greatest common divisor of 21 and 28?
7
Calculate the greatest common factor of 31328 and 96.
32
What is the highest common divisor of 11592 and 69?
69
What is the greatest common factor of 572 and 88?
44
Calculate the greatest common divisor of 3 and 543.
3
Calculate the highest common divisor of 98 and 210.
14
What is the highest common factor of 336 and 816?
48
What is the greatest common factor of 986 and 116?
58
Calculate the highest common divisor of 45 and 387.
9
Calculate the highest common divisor of 195 and 325.
65
What is the greatest common factor of 750 and 60?
30
What is the greatest common factor of 14180 and 40?
20
What is the greatest common factor of 126 and 36?
18
Calculate the highest common factor of 2082 and 6.
6
What is the greatest common factor of 15435 and 120?
15
What is the highest common factor of 92 and 230?
46
What is the greatest common divisor of 7969 and 26?
13
What is the greatest common factor of 420 and 1620?
60
Calculate the greatest common divisor of 688 and 215.
43
What is the greatest common factor of 135 and 40?
5
Calculate the greatest common divisor of 297 and 504.
9
What is the greatest common divisor of 498 and 24?
6
Calculate the highest common factor of 115 and 16399.
23
What is the highest common factor of 25551 and 153?
153
What is the greatest common factor of 32 and 32?
32
What is the greatest common factor of 2675 and 25?
25
Calculate the highest common divisor of 147 and 21.
21
Calculate the highest common factor of 204 and 969.
51
Calculate the highest common divisor of 6 and 843.
3
Calculate the greatest common divisor of 5447 and 52.
13
What is the greatest common factor of 133 and 63?
7
Calculate the greatest common divisor of 3 and 21.
3
What is the greatest common factor of 2494 and 43?
43
What is the greatest common factor of 183 and 305?
61
What is the greatest common factor of 208 and 13?
13
Calculate the highest common factor of 5451 and 23.
23
Calculate the highest common factor of 96 and 168.
24
Calculate the highest common divisor of 182 and 784.
14
What is the highest common factor of 7 and 329?
7
What is the greatest common factor of 95 and 10?
5
What is the greatest common factor of 176 and 4114?
22
Calculate the greatest common factor of 49 and 833.
49
Calculate the greatest common divisor of 48 and 912.
48
What is the highest common divisor of 481 and 296?
37
Calculate the greatest common divisor of 2449 and 79.
79
Calculate the greatest common divisor of 1792 and 28.
28
Calculate the greatest common divisor of 330 and 40.
10
What is the highest common factor of 153 and 8190?
9
Calculate the greatest common divisor of 2 and 4138.
2
Calculate the greatest common factor of 17719 and 94.
47
What is the highest common factor of 165 and 195?
15
What is the highest common factor of 430 and 20?
10
Calculate the greatest common factor of 28 and 63.
7
Calculate the highest common factor of 117 and 52.
13
What is the greatest common factor of 9 and 279?
9
Calculate the greatest common factor of 912 and 57.
57
Calculate the greatest common divisor of 62 and 341.
31
What is the highest common factor of 527 and 31?
31
Calculate the greatest common divisor of 26 and 5031.
13
Calculate the highest common factor of 115 and 1012.
23
Calculate the greatest common divisor of 6 and 534.
6
Calculate the greatest common divisor of 33 and 88.
11
What is the highest common factor of 1338 and 12?
6
Calculate the highest common factor of 1185 and 15.
15
Calculate the greatest common divisor of 1947 and 33.
33
Calculate the highest common divisor of 255 and 10285.
85
Calculate the highest common divisor of 63376 and 32.
16
Calculate the greatest common divisor of 255 and 15.
15
What is the greatest common divisor of 138 and 1173?
69
Calculate the greatest common factor of 8 and 132.
4
What is the highest common factor of 16892 and 656?
164
What is the highest common factor of 255 and 459?
51
Calculate the greatest common divisor of 152 and 114.
38
Calculate the greatest common divisor of 13 and 351.
13
What is the highest common factor of 330 and 90?
30
What is the greatest common factor of 6003 and 87?
87
What is the greatest common factor of 217 and 87017?
217
Calculate the greatest common divisor of 66 and 363.
33
Calculate the highest common divisor of 780 and 546.
78
What is the highest common factor of 12 and 318?
6
What is the highest common divisor of 217 and 31?
31
What is the greatest common divisor of 78 and 429?
39
What is the greatest common divisor of 30039 and 57?
57
What is the highest common factor of 1310 and 20?
10
Calculate the highest common divisor of 87 and 725.
29
Calculate the highest common factor of 44 and 1397.
11
Calculate the highest common factor of 84 and 2100.
84
Calculate the greatest common divisor of 112 and 35.
7
What is the highest common factor of 38 and 8?
2
Calculate the greatest common factor of 108 and 15120.
108
What is the greatest common divisor of 684 and 399?
57
What is the highest common divisor of 1240 and 93?
31
Calculate the highest common factor of 2 and 2.
2
Calculate the greatest common factor of 286 and 65.
13
Calculate the highest common divisor of 258 and 43.
43
Calculate the greatest common divisor of 1060 and 35.
5
Calculate the highest common factor of 8918 and 39.
13
Calculate the highest common divisor of 418 and 152.
38
Calculate the greatest common divisor of 16 and 9320.
8
Calculate the greatest common factor of 68 and 374.
34
Calculate the greatest common factor of 581 and 14.
7
Calculate the highest common divisor of 42 and 357.
21
What is the greatest common divisor of 7047 and 29?
29
What is the greatest common divisor of 57 and 30153?
57
Calculate the greatest common divisor of 14069 and 11.
11
What is the highest common factor of 3521 and 1?
1
Calculate the highest common factor of 1560 and 13.
13
Calculate the greatest common factor of 1359 and 45.
9
Calculate the greatest common divisor of 1611 and 9.
9
What is the highest common divisor of 3 and 5?
1
Calculate the highest common factor of 4131 and 612.
153
What is the greatest common divisor of 8 and 52?
4
Calculate the greatest common divisor of 30 and 60.
30
What is the greatest common factor of 104 and 1612?
52
What is the highest common divisor of 564 and 6?
6
What is the highest common factor of 28 and 448?
28
What is the highest common factor of 430 and 20?
10
What is the highest common factor of 62 and 682?
62
Calculate the greatest common factor of 23 and 23.
23
Calculate the highest common divisor of 546 and 42.
42
What is the greatest common factor of 22 and 5489?
11
What is the greatest common factor of 40 and 230?
10
What is the greatest common factor of 28 and 70?
14
Calculate the greatest common factor of 333 and 148.
37
What is the highest common factor of 336 and 21?
21
Calculate the greatest common factor